{"id":3,"date":"2020-01-30T22:21:37","date_gmt":"2020-01-30T21:21:37","guid":{"rendered":"http:\/\/dev.ss-r.ch\/?page_id=3"},"modified":"2020-05-30T18:24:56","modified_gmt":"2020-05-30T16:24:56","slug":"politique-de-confidentialite","status":"publish","type":"page","link":"https:\/\/padelfirst.ss-r.ch\/de\/politique-de-confidentialite\/","title":{"rendered":"Datenschutz-Bestimmungen"},"content":{"rendered":"<h2>Wer sind wir ?<\/h2>\r\n<p><!-- \/wp:heading -->\r\n\r\n<!-- wp:paragraph --><\/p>\r\n<p>Die Adresse unserer Website lautet: https: \/\/ padel first.ss-r.ch.<\/p>\r\n<p><!-- \/wp:paragraph -->\r\n\r\n<!-- wp:heading --><\/p>\r\n<h2>Verwendung der erhobenen personenbezogenen Daten<\/h2>\r\n<p><!-- \/wp:heading -->\r\n\r\n<!-- wp:heading {\"level\":3} --><\/p>\r\n<h3>Bemerkungen<\/h3>\r\n<p><!-- \/wp:heading -->\r\n\r\n<!-- wp:paragraph --><\/p>\r\n<p>Wenn Sie einen Kommentar auf unserer Website hinterlassen, werden die im Kommentarformular eingegebenen Daten, aber auch Ihre IP-Adresse und der Benutzeragent Ihres Browsers erfasst, damit wir unerw\u00fcnschte Kommentare erkennen k\u00f6nnen.<\/p>\r\n<p><!-- \/wp:paragraph -->\r\n\r\n<!-- wp:paragraph --><\/p>\r\n<p>Eine anonymisierte Zeichenfolge, die aus Ihrer E-Mail-Adresse erstellt wurde (auch als Hash bezeichnet), kann an den Gravatar-Dienst gesendet werden, um zu \u00fcberpr\u00fcfen, ob Sie sie verwenden. Die Vertraulichkeitsklauseln des Gravatar-Dienstes finden Sie hier: https:\/\/automattic.com\/privacy\/. Nach der Validierung Ihres Kommentars wird Ihr Profilfoto neben Ihrem Kommentar \u00f6ffentlich sichtbar.<\/p>\r\n<p><!-- \/wp:paragraph -->\r\n\r\n<!-- wp:heading {\"level\":3} --><\/p>\r\n<h3>Medien<\/h3>\r\n<p><!-- \/wp:heading -->\r\n\r\n<!-- wp:paragraph --><\/p>\r\n<p>Wenn Sie ein registrierter Benutzer sind und Bilder auf die Website hochladen, empfehlen wir, das Hochladen von Bildern mit EXIF-Daten von GPS-Koordinaten zu vermeiden. Besucher Ihrer Website k\u00f6nnen Standortdaten von diesen Bildern herunterladen und extrahieren.<\/p>\r\n<p><!-- \/wp:paragraph -->\r\n\r\n<!-- wp:heading {\"level\":3} --><\/p>\r\n<h3>Kontaktformulare<\/h3>\r\n<p><!-- \/wp:heading -->\r\n\r\n<!-- wp:heading {\"level\":3} --><\/p>\r\n<h3>Cookies<\/h3>\r\n<p><!-- \/wp:heading -->\r\n\r\n<!-- wp:paragraph --><\/p>\r\n<p>Wenn Sie einen Kommentar auf unserer Website ver\u00f6ffentlichen, wird Ihnen angeboten, Ihren Namen, Ihre E-Mail-Adresse und Ihre Website in Cookies zu speichern. Dies dient nur Ihrer Bequemlichkeit, sodass Sie diese Informationen nicht eingeben m\u00fcssen, wenn Sie sp\u00e4ter einen weiteren Kommentar ver\u00f6ffentlichen. Diese Cookies verfallen nach einem Jahr.<\/p>\r\n<p><!-- \/wp:paragraph -->\r\n\r\n<!-- wp:paragraph --><\/p>\r\n<p>Wenn Sie zur Anmeldeseite gehen, wird ein tempor\u00e4res Cookie erstellt, um festzustellen, ob Ihr Browser Cookies akzeptiert. Es enth\u00e4lt keine pers\u00f6nlichen Daten und wird automatisch gel\u00f6scht, wenn Sie Ihren Browser schlie\u00dfen.<\/p>\r\n<p><!-- \/wp:paragraph -->\r\n\r\n<!-- wp:paragraph --><\/p>\r\n<p>Wenn Sie sich anmelden, setzen wir eine Reihe von Cookies, um Ihre Anmeldeinformationen und Bildschirmeinstellungen zu speichern. Die Lebensdauer eines Anmelde-Cookies betr\u00e4gt zwei Tage, die eines Bildschirmoptions-Cookies ein Jahr. Wenn Sie &#8222;Angemeldet bleiben&#8220; aktivieren, wird Ihr Login-Cookie zwei Wochen lang gespeichert. Wenn Sie sich von Ihrem Konto abmelden, wird das Anmelde-Cookie gel\u00f6scht.<\/p>\r\n<p><!-- \/wp:paragraph -->\r\n\r\n<!-- wp:paragraph --><\/p>\r\n<p>Durch \u00c4ndern oder Ver\u00f6ffentlichen einer Publikation wird ein zus\u00e4tzliches Cookie in Ihrem Browser gespeichert. Dieses Cookie enth\u00e4lt keine pers\u00f6nlichen Daten. Es wird nur die ID des gerade bearbeiteten Beitrags angezeigt. Es l\u00e4uft nach einem Tag ab.<\/p>\r\n<p><!-- \/wp:paragraph -->\r\n\r\n<!-- wp:heading {\"level\":3} --><\/p>\r\n<h3>Von anderen Websites eingebetteter Inhalt<\/h3>\r\n<p><!-- \/wp:heading -->\r\n\r\n<!-- wp:paragraph --><\/p>\r\n<p>Artikel auf dieser Website k\u00f6nnen integrierten Inhalt enthalten (z. B. Videos, Bilder, Artikel usw.). Von anderen Websites eingebettete Inhalte verhalten sich so, als ob der Besucher diese andere Website besucht h\u00e4tte.<\/p>\r\n<p><!-- \/wp:paragraph -->\r\n\r\n<!-- wp:paragraph --><\/p>\r\n<p>Diese Websites k\u00f6nnen Daten \u00fcber Sie sammeln, Cookies verwenden, Tracking-Tools von Drittanbietern einbetten und Ihre Interaktionen mit diesen eingebetteten Inhalten verfolgen, wenn Sie ein Konto mit ihrer Website verbunden haben.<\/p>\r\n<p><!-- \/wp:paragraph -->\r\n\r\n<!-- wp:heading {\"level\":3} --><\/p>\r\n<h3>Publikumsstatistiken und -ma\u00dfnahmen<\/h3>\r\n<p><!-- \/wp:heading -->\r\n\r\n<!-- wp:heading --><\/p>\r\n<h2>Verwendung und \u00dcbermittlung Ihrer pers\u00f6nlichen Daten<\/h2>\r\n<p><!-- \/wp:heading -->\r\n\r\n<!-- wp:heading --><\/p>\r\n<h2>Speicherzeiten Ihrer Daten<\/h2>\r\n<p><!-- \/wp:heading -->\r\n\r\n<!-- wp:paragraph --><\/p>\r\n<p>Wenn Sie einen Kommentar hinterlassen, bleiben der Kommentar und seine Metadaten unbegrenzt erhalten. Dadurch werden die folgenden Kommentare automatisch erkannt und genehmigt, anstatt sie in der Moderationswarteschlange zu belassen.<\/p>\r\n<p><!-- \/wp:paragraph -->\r\n\r\n<!-- wp:paragraph --><\/p>\r\n<p>F\u00fcr Benutzer, die sich auf unserer Website registrieren (falls m\u00f6glich), speichern wir auch die in ihrem Profil angegebenen pers\u00f6nlichen Daten. Alle Benutzer k\u00f6nnen ihre pers\u00f6nlichen Daten jederzeit anzeigen, \u00e4ndern oder l\u00f6schen (mit Ausnahme ihres Benutzernamens \u00b7 ice). Site Manager k\u00f6nnen diese Informationen auch anzeigen und \u00e4ndern.<\/p>\r\n<p><!-- \/wp:paragraph -->\r\n\r\n<!-- wp:heading --><\/p>\r\n<h2>Die Rechte, die Sie an Ihren Daten haben<\/h2>\r\n<p><!-- \/wp:heading -->\r\n\r\n<!-- wp:paragraph --><\/p>\r\n<p>Wenn Sie ein Konto haben oder Kommentare auf der Website hinterlassen haben, k\u00f6nnen Sie eine Datei anfordern, die alle pers\u00f6nlichen Daten enth\u00e4lt, die wir \u00fcber Sie haben, einschlie\u00dflich der Daten, die Sie uns zur Verf\u00fcgung gestellt haben. Sie k\u00f6nnen auch die L\u00f6schung personenbezogener Daten beantragen. Hierbei werden die aus administrativen, rechtlichen oder sicherheitstechnischen Gr\u00fcnden gespeicherten Daten nicht ber\u00fccksichtigt.<\/p>\r\n<p><!-- \/wp:paragraph -->\r\n\r\n<!-- wp:heading --><\/p>\r\n<h2>\u00dcbermittlung Ihrer pers\u00f6nlichen Daten<\/h2>\r\n<p><!-- \/wp:heading -->\r\n\r\n<!-- wp:paragraph --><\/p>\r\n<p>Besucherkommentare k\u00f6nnen mithilfe eines automatisierten Spam-Erkennungsdienstes \u00fcberpr\u00fcft werden.<\/p>","protected":false},"excerpt":{"rendered":"<p>Wer sind wir ? Die Adresse unserer Website lautet: https: \/\/ padel first.ss-r.ch. Verwendung der erhobenen personenbezogenen Daten Bemerkungen Wenn Sie einen Kommentar auf unserer Website hinterlassen, werden die im Kommentarformular eingegebenen Daten, aber auch Ihre IP-Adresse und der Benutzeragent Ihres Browsers erfasst, damit wir unerw\u00fcnschte Kommentare erkennen k\u00f6nnen. Eine anonymisierte Zeichenfolge, die aus Ihrer [&hellip;]<\/p>\n","protected":false},"author":1,"featured_media":0,"parent":0,"menu_order":0,"comment_status":"closed","ping_status":"open","template":"","meta":{"_acf_changed":false,"footnotes":""},"class_list":["post-3","page","type-page","status-publish","hentry"],"translation":{"provider":"WPGlobus","version":"3.0.0","language":"de","enabled_languages":["fr","es","gb","de"],"languages":{"fr":{"title":true,"content":true,"excerpt":false},"es":{"title":true,"content":true,"excerpt":false},"gb":{"title":true,"content":true,"excerpt":false},"de":{"title":true,"content":true,"excerpt":false}}},"acf":[],"_links":{"self":[{"href":"https:\/\/padelfirst.ss-r.ch\/de\/wp-json\/wp\/v2\/pages\/3","targetHints":{"allow":["GET"]}}],"collection":[{"href":"https:\/\/padelfirst.ss-r.ch\/de\/wp-json\/wp\/v2\/pages"}],"about":[{"href":"https:\/\/padelfirst.ss-r.ch\/de\/wp-json\/wp\/v2\/types\/page"}],"author":[{"embeddable":true,"href":"https:\/\/padelfirst.ss-r.ch\/de\/wp-json\/wp\/v2\/users\/1"}],"replies":[{"embeddable":true,"href":"https:\/\/padelfirst.ss-r.ch\/de\/wp-json\/wp\/v2\/comments?post=3"}],"version-history":[{"count":17,"href":"https:\/\/padelfirst.ss-r.ch\/de\/wp-json\/wp\/v2\/pages\/3\/revisions"}],"predecessor-version":[{"id":1700,"href":"https:\/\/padelfirst.ss-r.ch\/de\/wp-json\/wp\/v2\/pages\/3\/revisions\/1700"}],"wp:attachment":[{"href":"https:\/\/padelfirst.ss-r.ch\/de\/wp-json\/wp\/v2\/media?parent=3"}],"curies":[{"name":"wp","href":"https:\/\/api.w.org\/{rel}","templated":true}]}}

<h2>Wer sind wir ?</h2>
<p><!-- /wp:heading -->

<!-- wp:paragraph --></p>
<p>Die Adresse unserer Website lautet: https: // padel first.ss-r.ch.</p>
<p><!-- /wp:paragraph -->

<!-- wp:heading --></p>
<h2>Verwendung der erhobenen personenbezogenen Daten</h2>
<p><!-- /wp:heading -->

<!-- wp:heading {"level":3} --></p>
<h3>Bemerkungen</h3>
<p><!-- /wp:heading -->

<!-- wp:paragraph --></p>
<p>Wenn Sie einen Kommentar auf unserer Website hinterlassen, werden die im Kommentarformular eingegebenen Daten, aber auch Ihre IP-Adresse und der Benutzeragent Ihres Browsers erfasst, damit wir unerwünschte Kommentare erkennen können.</p>
<p><!-- /wp:paragraph -->

<!-- wp:paragraph --></p>
<p>Eine anonymisierte Zeichenfolge, die aus Ihrer E-Mail-Adresse erstellt wurde (auch als Hash bezeichnet), kann an den Gravatar-Dienst gesendet werden, um zu überprüfen, ob Sie sie verwenden. Die Vertraulichkeitsklauseln des Gravatar-Dienstes finden Sie hier: https://automattic.com/privacy/. Nach der Validierung Ihres Kommentars wird Ihr Profilfoto neben Ihrem Kommentar öffentlich sichtbar.</p>
<p><!-- /wp:paragraph -->

<!-- wp:heading {"level":3} --></p>
<h3>Medien</h3>
<p><!-- /wp:heading -->

<!-- wp:paragraph --></p>
<p>Wenn Sie ein registrierter Benutzer sind und Bilder auf die Website hochladen, empfehlen wir, das Hochladen von Bildern mit EXIF-Daten von GPS-Koordinaten zu vermeiden. Besucher Ihrer Website können Standortdaten von diesen Bildern herunterladen und extrahieren.</p>
<p><!-- /wp:paragraph -->

<!-- wp:heading {"level":3} --></p>
<h3>Kontaktformulare</h3>
<p><!-- /wp:heading -->

<!-- wp:heading {"level":3} --></p>
<h3>Cookies</h3>
<p><!-- /wp:heading -->

<!-- wp:paragraph --></p>
<p>Wenn Sie einen Kommentar auf unserer Website veröffentlichen, wird Ihnen angeboten, Ihren Namen, Ihre E-Mail-Adresse und Ihre Website in Cookies zu speichern. Dies dient nur Ihrer Bequemlichkeit, sodass Sie diese Informationen nicht eingeben müssen, wenn Sie später einen weiteren Kommentar veröffentlichen. Diese Cookies verfallen nach einem Jahr.</p>
<p><!-- /wp:paragraph -->

<!-- wp:paragraph --></p>
<p>Wenn Sie zur Anmeldeseite gehen, wird ein temporäres Cookie erstellt, um festzustellen, ob Ihr Browser Cookies akzeptiert. Es enthält keine persönlichen Daten und wird automatisch gelöscht, wenn Sie Ihren Browser schließen.</p>
<p><!-- /wp:paragraph -->

<!-- wp:paragraph --></p>
<p>Wenn Sie sich anmelden, setzen wir eine Reihe von Cookies, um Ihre Anmeldeinformationen und Bildschirmeinstellungen zu speichern. Die Lebensdauer eines Anmelde-Cookies beträgt zwei Tage, die eines Bildschirmoptions-Cookies ein Jahr. Wenn Sie &#8222;Angemeldet bleiben&#8220; aktivieren, wird Ihr Login-Cookie zwei Wochen lang gespeichert. Wenn Sie sich von Ihrem Konto abmelden, wird das Anmelde-Cookie gelöscht.</p>
<p><!-- /wp:paragraph -->

<!-- wp:paragraph --></p>
<p>Durch Ändern oder Veröffentlichen einer Publikation wird ein zusätzliches Cookie in Ihrem Browser gespeichert. Dieses Cookie enthält keine persönlichen Daten. Es wird nur die ID des gerade bearbeiteten Beitrags angezeigt. Es läuft nach einem Tag ab.</p>
<p><!-- /wp:paragraph -->

<!-- wp:heading {"level":3} --></p>
<h3>Von anderen Websites eingebetteter Inhalt</h3>
<p><!-- /wp:heading -->

<!-- wp:paragraph --></p>
<p>Artikel auf dieser Website können integrierten Inhalt enthalten (z. B. Videos, Bilder, Artikel usw.). Von anderen Websites eingebettete Inhalte verhalten sich so, als ob der Besucher diese andere Website besucht hätte.</p>
<p><!-- /wp:paragraph -->

<!-- wp:paragraph --></p>
<p>Diese Websites können Daten über Sie sammeln, Cookies verwenden, Tracking-Tools von Drittanbietern einbetten und Ihre Interaktionen mit diesen eingebetteten Inhalten verfolgen, wenn Sie ein Konto mit ihrer Website verbunden haben.</p>
<p><!-- /wp:paragraph -->

<!-- wp:heading {"level":3} --></p>
<h3>Publikumsstatistiken und -maßnahmen</h3>
<p><!-- /wp:heading -->

<!-- wp:heading --></p>
<h2>Verwendung und Übermittlung Ihrer persönlichen Daten</h2>
<p><!-- /wp:heading -->

<!-- wp:heading --></p>
<h2>Speicherzeiten Ihrer Daten</h2>
<p><!-- /wp:heading -->

<!-- wp:paragraph --></p>
<p>Wenn Sie einen Kommentar hinterlassen, bleiben der Kommentar und seine Metadaten unbegrenzt erhalten. Dadurch werden die folgenden Kommentare automatisch erkannt und genehmigt, anstatt sie in der Moderationswarteschlange zu belassen.</p>
<p><!-- /wp:paragraph -->

<!-- wp:paragraph --></p>
<p>Für Benutzer, die sich auf unserer Website registrieren (falls möglich), speichern wir auch die in ihrem Profil angegebenen persönlichen Daten. Alle Benutzer können ihre persönlichen Daten jederzeit anzeigen, ändern oder löschen (mit Ausnahme ihres Benutzernamens · ice). Site Manager können diese Informationen auch anzeigen und ändern.</p>
<p><!-- /wp:paragraph -->

<!-- wp:heading --></p>
<h2>Die Rechte, die Sie an Ihren Daten haben</h2>
<p><!-- /wp:heading -->

<!-- wp:paragraph --></p>
<p>Wenn Sie ein Konto haben oder Kommentare auf der Website hinterlassen haben, können Sie eine Datei anfordern, die alle persönlichen Daten enthält, die wir über Sie haben, einschließlich der Daten, die Sie uns zur Verfügung gestellt haben. Sie können auch die Löschung personenbezogener Daten beantragen. Hierbei werden die aus administrativen, rechtlichen oder sicherheitstechnischen Gründen gespeicherten Daten nicht berücksichtigt.</p>
<p><!-- /wp:paragraph -->

<!-- wp:heading --></p>
<h2>Übermittlung Ihrer persönlichen Daten</h2>
<p><!-- /wp:heading -->

<!-- wp:paragraph --></p>
<p>Besucherkommentare können mithilfe eines automatisierten Spam-Erkennungsdienstes überprüft werden.</p>

<p>Wer sind wir ? Die Adresse unserer Website lautet: https: // padel first.ss-r.ch. Verwendung der erhobenen personenbezogenen Daten Bemerkungen Wenn Sie einen Kommentar auf unserer Website hinterlassen, werden die im Kommentarformular eingegebenen Daten, aber auch Ihre IP-Adresse und der Benutzeragent Ihres Browsers erfasst, damit wir unerwünschte Kommentare erkennen können. Eine anonymisierte Zeichenfolge, die aus Ihrer [&hellip;]</p>
